ctor of 91 and t?
13
Let n(o) = o**3 - o**2 - 3*o + 2. Let q be n(2). Suppose -j + q*j = -8. Let m(h) = -6*h + 2. Let r be m(-3). What is the highest common factor of r and j?
4
Suppose 3*i = -3*q + 75, -i + 8*q - 3*q + 19 = 0. Suppose -2*g - 224 = -3*g + 4*f, -862 = -4*g - f. Calculate the greatest common factor of g and i.
24
Suppose 0 = 2*j - 2*p + 2, 3*p - p = 4. Calculate the highest common divisor of j and 3.
1
Suppose -3 + 13 = -5*t. Let f(c) = 7*c**2 + c - 1. Let k be f(t). What is the highest common divisor of 50 and k?
25
Suppose -5*p = -16 - 29. Let o = 59 - 23. What is the highest common factor of p and o?
9
Let l = -2 + 4. Suppose -l + 6 = k. What is the greatest common factor of 20 and k?
4
Let k(c) = 6*c**2 - 9*c. Suppose 30 = 5*q + 7*p - 2*p, 24 = 4*q + 3*p. Let z be k(q). Let g = 9 - -9. Calculate the highest common factor of g and z.
18
Suppose -2*c + 6*c = 0. Suppose -5*p = 2*q - 182, -p + 4*q + 6 + 26 = c. Calculate the highest common factor of p and 12.
12
Let z be 3*(2 - 1)/(-1). Let s(m) = -m**3 - 3*m**2 + 3. Let n be s(z). Calculate the greatest common factor of 33 and n.
3
Suppose 5*s - 25 = 0, -v + 6*s = 4*s + 2. Calculate the greatest common divisor of v and 12.
4
Let y(w) = -8*w**3 - 4*w**2 + 2*w + 1. Let p be y(2). Let o be (8/10)/((-10)/p). Calculate the highest common divisor of 15 and o.
3
Suppose 2*f - 31 - 17 = 0. What is the highest common divisor of 36 and f?
12
Let o = 27 - 14. Calculate the highest common divisor of o and 13.
13
Let g = -141 - -205. What is the greatest common divisor of g and 16?
16
Let s be (-532)/(-4) - -2 - (-2 + 2). Calculate the greatest common factor of s and 15.
15
Let s(i) = -12*i + 5. Let m be s(5). Let a be -2 - (-1 - 1) - m. Let k = -15 + 26. Calculate the highest common divisor of a and k.
11
Suppose l - 2 = -5*h, -5*l + 3*h - 12 = 6. Let f = 1 - l. What is the greatest common divisor of f and 44?
4
Let t(b) = -b**3 + 15*b + 9*b - 11 - 9*b + 11*b**2. Let y be t(12). Calculate the highest common divisor of 250 and y.
25
Let k(u) = 1. Let g(t) = -7*t - 3. Let r(z) = -g(z) - 6*k(z). Let x be r(4). What is the greatest common divisor of 75 and x?
25
Let d(k) = -4*k**2 + 7*k + 3. Let y be d(-5). Let j = 230 + y. What is the highest common factor of 14 and j?
14
Let f(i) = i + 5. Let t be f(-3). Calculate the highest common factor of 14 and t.
2
Suppose -3*j - 3 = -0. Let s be (-3)/((-6)/(-8) + j). What is the highest common factor of 108 and s?
12
Let v = 7 - 4. Suppose p - 7 = -4*t, -35 + 0 = -v*p - 5*t. What is the highest common factor of 10 and p?
5
Let x be (1/1)/((-4)/(-28)). Calculate the highest common factor of x and 35.
7
Let i be 2/(-3 - (-22)/6). Suppose 6*j + p - 17 = 4*j, -i*p + 2 = -j. Let w = j + -6. What is the greatest common factor of 5 and w?
1
Let r = -22 - -37. What is the highest common divisor of r and 75?
15
Let s be (0 - -9) + 1 + -1. Let c(y) = -y**3 + 10*y**2 - 8*y + 9. Let t be c(s). What is the greatest common factor of 198 and t?
18
Let s be ((-4)/(-5))/((-2)/(-40)). Suppose -j = -3*j + s. Calculate the highest common factor of j and 1.
1
Suppose 0*f - 1138 = -3*t - 2*f, 0 = 3*t - 4*f - 1144. Calculate the greatest common divisor of 38 and t.
38
Let t = -981 + 465. Let k be t/(-9) + (-1)/3. What is the greatest common divisor of 38 and k?
19
Suppose 8*p - 3*p - 220 = 0. What is the greatest common divisor of 11 and p?
11
Suppose 0 = 3*h - 9. Suppose h*u + 20 = u. Let s = 28 + u. Calculate the greatest common divisor of s and 9.
9
Suppose 5*p + 10 = j, 2*j + 4*p - 34 = 56. What is the greatest common factor of 245 and j?
35
Let p(v) be the second derivative of -1/3*v**3 + 0 + v**2 - 3*v. Let l be p(-6). Calculate the greatest common factor of 2 and l.
2
Suppose 12 = -0*t + 2*t. Let q(m) = 2*m - 8. Let j be q(t). Suppose j*u - 362 = 86. Calculate the highest common factor of u and 14.
14
Let j(x) = -x + 7. Let v be j(0). Suppose 0 = 2*o + 13 - 13. Suppose 3*h - 5*b - 8 = o, 6*h - 3*h = 4*b + v. Calculate the highest common factor of h and 3.
1
Suppose -2*n + 0*n = 134. Let c be (-12)/30 - n/5. Calculate the greatest common divisor of 52 and c.
13
Suppose -3*c + 2*g + 42 = 0, c - 3 = 4*g + 11. What is the highest common divisor of c and 56?
14
Let b be (-50)/6*-3 + -2. What is the highest common divisor of b and 23?
23
Let a = 7 - 12. Let k(h) = -h - 1. Let o(z) = -7. Let u(f) = k(f) - o(f). Let c be u(a). What is the greatest common divisor of 121 and c?
11
Let n = 22 - 2. Calculate the highest common factor of 10 and n.
10
Suppose 2*x + q - 137 = 0, -4*x + 129 = -q - 160. Suppose -n - 4 = 4. Let g = x + n. What is the highest common factor of g and 9?
9
Let z(o) = -9*o - 1. Let y be z(-1). What is the greatest common divisor of y and 40?
8
Let x = 147 - 19. Calculate the highest common factor of x and 16.
16
Let w be (1 - -2) + (4 - 2). Let c(b) = 3*b + 2. Let l be c(w). Calculate the highest common divisor of 34 and l.
17
Let v = 25 - 1. Suppose 6 = o + 2*o. Suppose -2*n - 8 = 0, -o*a + 2*n + 0*n = -24. What is the greatest common factor of v and a?
8
Suppose 0 = -2*t + 3*t - 3. Suppose 6*w - 5*y = 2*w + 9, -3*w + 5*y = -8. What is the greatest common divisor of w and t?
1
Let c = -30 - -36. Suppose -4*t = -3*o - 12, -o = -t + 3*o + 3. Suppose t*h = -0*h + 72. Calculate the highest common factor of h and c.
6
Suppose -q = -4*q - 81. Suppose -d + 4*h - 44 = -18, -3*h = -2*d - 27. Let n be 274/18 - d/q. What is the highest common factor of n and 90?
15
Let q be (-1 + (-50)/(-8))/(90/240). Suppose -98 = -0*t - t. Calculate the highest common divisor of q and t.
14
Suppose 0 = -5*h - 5, -4*h = 5*c - 4*c - 5. Calculate the greatest common divisor of 45 and c.
9
Let r(g) = -g + 26. Let k be r(14). What is the greatest common factor of 132 and k?
12
Suppose -5*y + 7*y = 280. What is the highest common divisor of y and 35?
35
Let x = 63 + -44. Let l = x - 7. Let h(k) = 4*k**2 + 5*k - 3. Let j be h(-5). What is the highest common factor of j and l?
12
Let u be (-2)/(-6) - 34/(-6). Suppose 21 = 5*q + u. Suppose 3*o + 40 = 4*o + q*g, g = 5*o - 136. Calculate the highest common factor of o and 7.
7
Let a(h) = 5*h - 24. Let f be a(5). Calculate the greatest common divisor of 25 and f.
1
Let w be (-158)/(-14) - (-20)/(-70). What is the highest common factor of 88 and w?
11
Suppose 61*b = 62*b - 20. What is the greatest common factor of 20 and b?
20
Let m = 13 - 4. Let u be 16/(-6)*m/(-4). What is the highest common factor of 42 and u?
6
Suppose 3235 = -4*j + 9267. Let g be (-2)/(-9) - j/(-18). Calculate the highest common factor of 12 and g.
12
Suppose -12*d - 322 + 478 = 0. Let r be ((-78)/(-4))/((-3)/(-88)). Suppose -r = -3*n - n. What is the highest common factor of d and n?
13
Suppose 0 = -11*o - 57 + 1113. Calculate the greatest common factor of o and 12.
12
Suppose -o + 105 = 2*o. Suppose 3*v = -2*v. Let f = 5 + v. What is the greatest common divisor of o and f?
5
Suppose 4*j - 108 = 4*t, -3*j + 91 = -0*j - 5*t. Suppose -5*b + 377 = -g + 3*g, -513 = -3*g + 3*b. What is the highest common factor of g and j?
22
Suppose 3*r + 5 - 20 = 0. Calculate the highest common factor of r and 1.
1
Let c = 2 - -6. Suppose -c = m - 4*j, -j = -m + j. Calculate the greatest common factor of 56 and m.
8
Suppose 3*p + 29 - 161 = 0. Let r be 0 + (-6)/2 - -69. What is the greatest common factor of r and p?
22
Let v(i) = -i + 16. Let j be v(8). Let s be (1 + 1)/(1/(-10)). Let l = s - -36. Calculate the highest common divisor of j and l.
8
Let q(u) = 79*u**3 + 1. Let o be q(1). Suppose -3*f + 60 = 3*f. Calculate the greatest common factor of o and f.
10
Suppose 44 = 4*z - 4*p + p, 0 = -z + 5*p + 28. Suppose -q - x - x + 74 = 0, x = -3*q + 217. Calculate the greatest common factor of z and q.
8
Suppose 0 = 8*i - 13*i + 725. Calculate the greatest common factor of i and 29.
29
Let k be (-2 + 1)*(8 + -73). Let y = -11 - -24. Calculate the greatest common divisor of y and k.
13
Let m be (1*-48)/(-4) + 4. What is the greatest common divisor of m and 12?
4
Suppose 0 = 5*s - 3*s + 16. Let y = s - -23. What is the greatest common factor of y and 135?
15
Let b(v) = -v**3 + 10*v**2 + 26*v - 15. Let n be b(12). Calculate the highest common divisor of n and 9.
9
Let p(z) = -2 - 6 - z + 4*z